{"id":162,"date":"2019-11-15T09:47:47","date_gmt":"2019-11-15T09:47:47","guid":{"rendered":"https:\/\/frantsi.com\/?page_id=162"},"modified":"2019-12-05T15:28:18","modified_gmt":"2019-12-05T15:28:18","slug":"ratkaisukauppa","status":"publish","type":"page","link":"https:\/\/frantsi.com\/index.php\/ratkaisukauppa\/","title":{"rendered":"Ratkaisukauppa"},"content":{"rendered":"\n\t<h1>Ratkaisukauppa<\/h1>\n\t<p>Asiakkaamme arvostavat valmennustemme tutkimusperusteista vaikuttavuutta, tulosten seurantaa ja asiakasl\u00e4ht\u00f6ist\u00e4 kehitt\u00e4misotettamme.<\/p>\n\t<h2>Ratkaisumme<\/h2>\n\t\tKaikki\n\t<ul>\n\t\t<li data-filter=\"*\">Kaikki<\/li><li data-filter=\".category-elama-ja-uraohjaus\" data-term=\"elama-ja-uraohjaus\">El\u00e4m\u00e4- ja uraohjaus<\/li><li data-filter=\".category-esimiestyo\" data-term=\"esimiestyo\">Esimiesty\u00f6<\/li><li data-filter=\".category-huippusuorituksiin-omilla-evailla\" data-term=\"huippusuorituksiin-omilla-evailla\">Huippusuorituksiin omilla ev\u00e4ill\u00e4<\/li><li data-filter=\".category-tyoyhteison-pikkurempat\" data-term=\"tyoyhteison-pikkurempat\">Ty\u00f6yhteis\u00f6n pikkurempat<\/li>\t<\/ul>\n\t<meta itemscope itemprop=\"mainEntityOfPage\" itemtype=\"https:\/\/schema.org\/WebPage\" itemid=\"https:\/\/frantsi.com\/index.php\/ratkaisukauppa\/haastavat-tilanteet-haltuun\/\" content=\"Haastavat tilanteet haltuun\" \/><meta itemprop=\"datePublished\" content=\"2019-11-15\" \/><meta itemprop=\"dateModified\" content=\"2019-11-22\" \/><meta itemprop=\"name\" content=\"Konsultit Frantsi Oy\"><meta itemprop=\"url\" content=\"https:\/\/frantsi.com\/index.php\/author\/admin\/\" \/><meta itemprop=\"name\" content=\"admin\" \/><meta itemprop=\"url\" content=\"https:\/\/frantsi.com\/wp-content\/uploads\/2019\/11\/syssy2.jpg\" \/><meta itemprop=\"width\" content=\"800\" \/><meta itemprop=\"height\" content=\"450\" \/><meta itemprop=\"interactionType\" content=\"https:\/\/schema.org\/CommentAction\" \/><meta itemprop=\"userInteractionCount\" content=\"0\" \/>\n\t\t\t\t<img loading=\"lazy\" decoding=\"async\" src=\"https:\/\/frantsi.com\/wp-content\/uploads\/2019\/11\/syssy2.jpg\" alt=\"syssy2\" itemprop=\"image\" data-no-lazy=\"1\" height=\"450\" width=\"800\" title=\"syssy2\" onerror=\"this.style.display='none'\"  \/>\n\t\t\t\t\t\t\t<h3 itemprop=\"headline\">\n\t\t\t\t\t\t\t\t\t\t\t\tHaastavat tilanteet haltuun\t\t\t\t\t\t\t\t\t<\/h3>\n    <p>Avaimet energiaa sy\u00f6vien tilanteiden ratkaisemiseen.<\/p>\n<p>Kesto: 1pv.<\/p>\n<p>Hinta: 850\u20ac<\/p>\n\t<meta itemscope itemprop=\"mainEntityOfPage\" itemtype=\"https:\/\/schema.org\/WebPage\" itemid=\"https:\/\/frantsi.com\/index.php\/ratkaisukauppa\/lukot-auki-paivassa\/\" content=\"Lukot auki p\u00e4iv\u00e4ss\u00e4\" \/><meta itemprop=\"datePublished\" content=\"2019-11-15\" \/><meta itemprop=\"dateModified\" content=\"2019-11-22\" \/><meta itemprop=\"name\" content=\"Konsultit Frantsi Oy\"><meta itemprop=\"url\" content=\"https:\/\/frantsi.com\/index.php\/author\/admin\/\" \/><meta itemprop=\"name\" content=\"admin\" \/><meta itemprop=\"url\" content=\"https:\/\/frantsi.com\/wp-content\/uploads\/2019\/11\/door-green-closed-lock-2.jpg\" \/><meta itemprop=\"width\" content=\"800\" \/><meta itemprop=\"height\" content=\"450\" \/><meta itemprop=\"interactionType\" content=\"https:\/\/schema.org\/CommentAction\" \/><meta itemprop=\"userInteractionCount\" content=\"0\" \/>\n\t\t\t\t<img loading=\"lazy\" decoding=\"async\" src=\"https:\/\/frantsi.com\/wp-content\/uploads\/2019\/11\/door-green-closed-lock-2.jpg\" alt=\"door-green-closed-lock\" itemprop=\"image\" data-no-lazy=\"1\" height=\"450\" width=\"800\" title=\"door-green-closed-lock\" onerror=\"this.style.display='none'\"  \/>\n\t\t\t\t\t\t\t<h3 itemprop=\"headline\">\n\t\t\t\t\t\t\t\t\t\t\t\tLukot auki p\u00e4iv\u00e4ss\u00e4\t\t\t\t\t\t\t\t\t<\/h3>\n    Jumiutuneen tilanteen aukaisu yhdess\u00e4 esimiehen ja tiimin kanssa.<br \/>\nEsimiehen ja kahden tiimin j\u00e4senen haastattelut.<br \/>\nTasapuolinen ja kunnioittava tapa ratkaista tiimin lukkiutunut tilanne.\n<p>Kesto: 1 p\u00e4iv\u00e4 ja haastattelut<\/p>\n<p>Hinta: 1250\u20ac<\/p>\n\t<meta itemscope itemprop=\"mainEntityOfPage\" itemtype=\"https:\/\/schema.org\/WebPage\" itemid=\"https:\/\/frantsi.com\/index.php\/ratkaisukauppa\/nuoren-urheilijan-henkinen-perusta\/\" content=\"Nuoren urheilijan henkinen perusta\" \/><meta itemprop=\"datePublished\" content=\"2019-11-15\" \/><meta itemprop=\"dateModified\" content=\"2019-11-22\" \/><meta itemprop=\"name\" content=\"Konsultit Frantsi Oy\"><meta itemprop=\"url\" content=\"https:\/\/frantsi.com\/index.php\/author\/admin\/\" \/><meta itemprop=\"name\" content=\"admin\" \/><meta itemprop=\"url\" content=\"https:\/\/frantsi.com\/wp-content\/uploads\/2019\/11\/pexels-photo-1002703.jpg\" \/><meta itemprop=\"width\" content=\"800\" \/><meta itemprop=\"height\" content=\"450\" \/><meta itemprop=\"interactionType\" content=\"https:\/\/schema.org\/CommentAction\" \/><meta itemprop=\"userInteractionCount\" content=\"0\" \/>\n\t\t\t\t<img loading=\"lazy\" decoding=\"async\" src=\"https:\/\/frantsi.com\/wp-content\/uploads\/2019\/11\/pexels-photo-1002703.jpg\" alt=\"pexels-photo-1002703\" itemprop=\"image\" data-no-lazy=\"1\" height=\"450\" width=\"800\" title=\"pexels-photo-1002703\" onerror=\"this.style.display='none'\"  \/>\n\t\t\t\t\t\t\t<h3 itemprop=\"headline\">\n\t\t\t\t\t\t\t\t\t\t\t\tNuoren urheilijan henkinen perusta\t\t\t\t\t\t\t\t\t<\/h3>\n    Henkiset valmiudet luodaan nuorena!<br \/>\nKolmen k\u00e4ynnin kokonaisuus.\n<p>Kesto: 3h<\/p>\n<p>Hinta: 240\u20ac<\/p>\n\t<meta itemscope itemprop=\"mainEntityOfPage\" itemtype=\"https:\/\/schema.org\/WebPage\" itemid=\"https:\/\/frantsi.com\/index.php\/ratkaisukauppa\/suunta-selville-ja-hyvat-unet-takaisin\/\" content=\"Suunta selville ja hyv\u00e4t unet takaisin!\" \/><meta itemprop=\"datePublished\" content=\"2019-11-15\" \/><meta itemprop=\"dateModified\" content=\"2019-11-22\" \/><meta itemprop=\"name\" content=\"Konsultit Frantsi Oy\"><meta itemprop=\"url\" content=\"https:\/\/frantsi.com\/index.php\/author\/admin\/\" \/><meta itemprop=\"name\" content=\"admin\" \/><meta itemprop=\"url\" content=\"https:\/\/frantsi.com\/wp-content\/uploads\/2019\/11\/backlit-beach-clouds-279410-1.jpg\" \/><meta itemprop=\"width\" content=\"800\" \/><meta itemprop=\"height\" content=\"450\" \/><meta itemprop=\"interactionType\" content=\"https:\/\/schema.org\/CommentAction\" \/><meta itemprop=\"userInteractionCount\" content=\"0\" \/>\n\t\t\t\t<img loading=\"lazy\" decoding=\"async\" src=\"https:\/\/frantsi.com\/wp-content\/uploads\/2019\/11\/backlit-beach-clouds-279410-1.jpg\" alt=\"backlit-beach-clouds-279410 (1)\" itemprop=\"image\" data-no-lazy=\"1\" height=\"450\" width=\"800\" title=\"backlit-beach-clouds-279410 (1)\" onerror=\"this.style.display='none'\"  \/>\n\t\t\t\t\t\t\t<h3 itemprop=\"headline\">\n\t\t\t\t\t\t\t\t\t\t\t\tSuunta selville ja hyv\u00e4t unet takaisin!\t\t\t\t\t\t\t\t\t<\/h3>\n    Ohjauskeskustelu, jossa selvi\u00e4\u00e4 mihin suuntaan haluat menn\u00e4.<br \/>\nLuovia keinoja k\u00e4ytt\u00e4en suunnat, valinnat ja mahdollisuudet l\u00f6ytyv\u00e4t.\n<p>Kesto: 3 x 1.5h<\/p>\n<p>Hinta: 290\u20ac<\/p>\n\t<meta itemscope itemprop=\"mainEntityOfPage\" itemtype=\"https:\/\/schema.org\/WebPage\" itemid=\"https:\/\/frantsi.com\/index.php\/ratkaisukauppa\/360-asteen-arviointi\/\" content=\"360-asteen arviointi\" \/><meta itemprop=\"datePublished\" content=\"2019-11-19\" \/><meta itemprop=\"dateModified\" content=\"2019-11-22\" \/><meta itemprop=\"name\" content=\"Konsultit Frantsi Oy\"><meta itemprop=\"url\" content=\"https:\/\/frantsi.com\/index.php\/author\/admin\/\" \/><meta itemprop=\"name\" content=\"admin\" \/><meta itemprop=\"url\" content=\"https:\/\/frantsi.com\/wp-content\/uploads\/2019\/11\/blue-universe-956981-1.jpg\" \/><meta itemprop=\"width\" content=\"800\" \/><meta itemprop=\"height\" content=\"450\" \/><meta itemprop=\"interactionType\" content=\"https:\/\/schema.org\/CommentAction\" \/><meta itemprop=\"userInteractionCount\" content=\"0\" \/>\n\t\t\t\t<img loading=\"lazy\" decoding=\"async\" src=\"https:\/\/frantsi.com\/wp-content\/uploads\/2019\/11\/blue-universe-956981-1.jpg\" alt=\"blue-universe-956981 (1)\" itemprop=\"image\" data-no-lazy=\"1\" height=\"450\" width=\"800\" title=\"blue-universe-956981 (1)\" onerror=\"this.style.display='none'\"  \/>\n\t\t\t\t\t\t\t<h3 itemprop=\"headline\">\n\t\t\t\t\t\t\t\t\t\t\t\t360-asteen arviointi\t\t\t\t\t\t\t\t\t<\/h3>\n    Moniulotteinen arviointi Brief puhelimitse, arvioinnin toteutuksen ohjaus.<br \/>\nRaportti ja tulkintakeskustelu.<br \/>\nVahvuudet ja haasteet.<br \/>\nPystyvyytt\u00e4 lis\u00e4\u00e4v\u00e4t askeleet.<br \/>\nBrief 30 min.\n<p>Tulkintakeskustelu ja vahvistamissuunnitelma 1,5 h<\/p>\n<p>Hinta 250\u20ac<\/p>\n<p>&nbsp;<\/p>\n\t<meta itemscope itemprop=\"mainEntityOfPage\" itemtype=\"https:\/\/schema.org\/WebPage\" itemid=\"https:\/\/frantsi.com\/index.php\/ratkaisukauppa\/syvalta-pinnalle\/\" content=\"Syv\u00e4lt\u00e4 pinnalle\" \/><meta itemprop=\"datePublished\" content=\"2019-11-19\" \/><meta itemprop=\"dateModified\" content=\"2019-11-22\" \/><meta itemprop=\"name\" content=\"Konsultit Frantsi Oy\"><meta itemprop=\"url\" content=\"https:\/\/frantsi.com\/index.php\/author\/admin\/\" \/><meta itemprop=\"name\" content=\"admin\" \/><meta itemprop=\"url\" content=\"https:\/\/frantsi.com\/wp-content\/uploads\/2019\/11\/syv\u00e4lt\u00e4-pjnnalle.jpg\" \/><meta itemprop=\"width\" content=\"800\" \/><meta itemprop=\"height\" content=\"450\" \/><meta itemprop=\"interactionType\" content=\"https:\/\/schema.org\/CommentAction\" \/><meta itemprop=\"userInteractionCount\" content=\"0\" \/>\n\t\t\t\t<img loading=\"lazy\" decoding=\"async\" src=\"https:\/\/frantsi.com\/wp-content\/uploads\/2019\/11\/syv\u00e4lt\u00e4-pjnnalle.jpg\" alt=\"syv\u00e4lt\u00e4 pjnnalle\" itemprop=\"image\" data-no-lazy=\"1\" height=\"450\" width=\"800\" title=\"syv\u00e4lt\u00e4 pjnnalle\" onerror=\"this.style.display='none'\"  \/>\n\t\t\t\t\t\t\t<h3 itemprop=\"headline\">\n\t\t\t\t\t\t\t\t\t\t\t\tSyv\u00e4lt\u00e4 pinnalle\t\t\t\t\t\t\t\t\t<\/h3>\n    Pitk\u00e4lle p\u00e4\u00e4sseiden ty\u00f6yhteis\u00f6n ratkaisemattomien konfliktien k\u00e4sittely.<br \/>\nHuolella valmisteltu ja perusteellinen sovitteluprosessi, jossa pureudutaan ratkaisuun ammattimaisen sovittelun keinoin.\n<p>Kesto: 4-6 tapaamiskertaa<\/p>\n<p>Hinta: 1300\u20ac<\/p>\n\t<meta itemscope itemprop=\"mainEntityOfPage\" itemtype=\"https:\/\/schema.org\/WebPage\" itemid=\"https:\/\/frantsi.com\/index.php\/ratkaisukauppa\/kilpaurheilijan-isan-neuvot\/\" content=\"Kilpaurheilijan is\u00e4n neuvot\" \/><meta itemprop=\"datePublished\" content=\"2019-11-22\" \/><meta itemprop=\"dateModified\" content=\"2019-11-26\" \/><meta itemprop=\"name\" content=\"Konsultit Frantsi Oy\"><meta itemprop=\"url\" content=\"https:\/\/frantsi.com\/index.php\/author\/admin\/\" \/><meta itemprop=\"name\" content=\"admin\" \/><meta itemprop=\"url\" content=\"https:\/\/frantsi.com\/wp-content\/uploads\/2019\/11\/Is\u00e4-lapsi-treeni.jpg\" \/><meta itemprop=\"width\" content=\"800\" \/><meta itemprop=\"height\" content=\"450\" \/><meta itemprop=\"interactionType\" content=\"https:\/\/schema.org\/CommentAction\" \/><meta itemprop=\"userInteractionCount\" content=\"0\" \/>\n\t\t\t\t<img loading=\"lazy\" decoding=\"async\" src=\"https:\/\/frantsi.com\/wp-content\/uploads\/2019\/11\/Is\u00e4-lapsi-treeni.jpg\" alt=\"Is\u00e4 lapsi treeni\" itemprop=\"image\" data-no-lazy=\"1\" height=\"450\" width=\"800\" title=\"Is\u00e4 lapsi treeni\" onerror=\"this.style.display='none'\"  \/>\n\t\t\t\t\t\t\t<h3 itemprop=\"headline\">\n\t\t\t\t\t\t\t\t\t\t\t\tKilpaurheilijan is\u00e4n neuvot\t\t\t\t\t\t\t\t\t<\/h3>\n    <p>Urheilevan nuoren is\u00e4n neuvova puhelin.<\/p>\n<p>Ratkaisuja vanhemmalle siihen miten tukea nuoren urheilijana henkist\u00e4 kasvua.<\/p>\n<p>Kesto 2 x 15 min konsultaatio 80\u20ac<\/p>\n\t<meta itemscope itemprop=\"mainEntityOfPage\" itemtype=\"https:\/\/schema.org\/WebPage\" itemid=\"https:\/\/frantsi.com\/index.php\/ratkaisukauppa\/kilpaurheilijan-aidin-huolipalvelu\/\" content=\"Kilpaurheilijan \u00e4idin huolipalvelu\" \/><meta itemprop=\"datePublished\" content=\"2019-11-22\" \/><meta itemprop=\"dateModified\" content=\"2019-11-22\" \/><meta itemprop=\"name\" content=\"Konsultit Frantsi Oy\"><meta itemprop=\"url\" content=\"https:\/\/frantsi.com\/index.php\/author\/admin\/\" \/><meta itemprop=\"name\" content=\"admin\" \/><meta itemprop=\"url\" content=\"https:\/\/frantsi.com\/wp-content\/uploads\/2019\/11\/\u00e4iti.jpg\" \/><meta itemprop=\"width\" content=\"800\" \/><meta itemprop=\"height\" content=\"450\" \/><meta itemprop=\"interactionType\" content=\"https:\/\/schema.org\/CommentAction\" \/><meta itemprop=\"userInteractionCount\" content=\"0\" \/>\n\t\t\t\t<img loading=\"lazy\" decoding=\"async\" src=\"https:\/\/frantsi.com\/wp-content\/uploads\/2019\/11\/\u00e4iti.jpg\" alt=\"\u00e4iti\" itemprop=\"image\" data-no-lazy=\"1\" height=\"450\" width=\"800\" title=\"\u00e4iti\" onerror=\"this.style.display='none'\"  \/>\n\t\t\t\t\t\t\t<h3 itemprop=\"headline\">\n\t\t\t\t\t\t\t\t\t\t\t\tKilpaurheilijan \u00e4idin huolipalvelu\t\t\t\t\t\t\t\t\t<\/h3>\n    <p>Kuuntelua ja ratkaisuja urheilevasta lapsesta huolissaan olevalle \u00e4idille.<\/p>\n<p>Kesto 2 x 15 min konsultaatio 80 \u20ac.<\/p>\n\t<meta itemscope itemprop=\"mainEntityOfPage\" itemtype=\"https:\/\/schema.org\/WebPage\" itemid=\"https:\/\/frantsi.com\/index.php\/ratkaisukauppa\/mika-minusta-isona\/\" content=\"Mik\u00e4 minusta isona!\" \/><meta itemprop=\"datePublished\" content=\"2019-11-22\" \/><meta itemprop=\"dateModified\" content=\"2019-11-22\" \/><meta itemprop=\"name\" content=\"Konsultit Frantsi Oy\"><meta itemprop=\"url\" content=\"https:\/\/frantsi.com\/index.php\/author\/admin\/\" \/><meta itemprop=\"name\" content=\"admin\" \/><meta itemprop=\"url\" content=\"https:\/\/frantsi.com\/wp-content\/uploads\/2019\/11\/isona.jpg\" \/><meta itemprop=\"width\" content=\"800\" \/><meta itemprop=\"height\" content=\"450\" \/><meta itemprop=\"interactionType\" content=\"https:\/\/schema.org\/CommentAction\" \/><meta itemprop=\"userInteractionCount\" content=\"0\" \/>\n\t\t\t\t<img loading=\"lazy\" decoding=\"async\" src=\"https:\/\/frantsi.com\/wp-content\/uploads\/2019\/11\/isona.jpg\" alt=\"isona\" itemprop=\"image\" data-no-lazy=\"1\" height=\"450\" width=\"800\" title=\"isona\" onerror=\"this.style.display='none'\"  \/>\n\t\t\t\t\t\t\t<h3 itemprop=\"headline\">\n\t\t\t\t\t\t\t\t\t\t\t\tMik\u00e4 minusta isona!\t\t\t\t\t\t\t\t\t<\/h3>\n    <p>Haluat mietti\u00e4 uraasi ja sen tulevia suuntia kokeneen ohjaajan kanssa.<\/p>\n<p>Kuuntelua ilman tyrkytyst\u00e4.<\/p>\n<p>Omien ajattelumallien tarkastelua.<\/p>\n<p>Kesto 4 x 1,5 h 330 \u20ac<\/p>\n\t<meta itemscope itemprop=\"mainEntityOfPage\" itemtype=\"https:\/\/schema.org\/WebPage\" itemid=\"https:\/\/frantsi.com\/index.php\/ratkaisukauppa\/encore-elakkeelle-aikovan-ohjaus\/\" content=\"Encore \u2013 el\u00e4kkeelle aikovan ohjaus\" \/><meta itemprop=\"datePublished\" content=\"2019-11-22\" \/><meta itemprop=\"dateModified\" content=\"2019-11-22\" \/><meta itemprop=\"name\" content=\"Konsultit Frantsi Oy\"><meta itemprop=\"url\" content=\"https:\/\/frantsi.com\/index.php\/author\/admin\/\" \/><meta itemprop=\"name\" content=\"admin\" \/><meta itemprop=\"url\" content=\"https:\/\/frantsi.com\/wp-content\/uploads\/2019\/11\/encore1.jpg\" \/><meta itemprop=\"width\" content=\"800\" \/><meta itemprop=\"height\" content=\"450\" \/><meta itemprop=\"interactionType\" content=\"https:\/\/schema.org\/CommentAction\" \/><meta itemprop=\"userInteractionCount\" content=\"0\" \/>\n\t\t\t\t<img loading=\"lazy\" decoding=\"async\" src=\"https:\/\/frantsi.com\/wp-content\/uploads\/2019\/11\/encore1.jpg\" alt=\"encore1\" itemprop=\"image\" data-no-lazy=\"1\" height=\"450\" width=\"800\" title=\"encore1\" onerror=\"this.style.display='none'\"  \/>\n\t\t\t\t\t\t\t<h3 itemprop=\"headline\">\n\t\t\t\t\t\t\t\t\t\t\t\tEncore \u2013 el\u00e4kkeelle aikovan ohjaus\t\t\t\t\t\t\t\t\t<\/h3>\n    <p>Miten selvi\u00e4n el\u00e4kkeelle?<\/p>\n<p>Mit\u00e4 sitten?<\/p>\n<p>El\u00e4m\u00e4nsis\u00e4ll\u00f6n ja mielenkiinnon suunnat.<\/p>\n<p>My\u00f6h\u00e4isen ty\u00f6uran vaiheiden punnintaa.<\/p>\n<p>Kesto 4 x 1,5 h 330 \u20ac<\/p>\n\t<h2>Tilaa ratkaisu<\/h2>\n\t<p>[contact-form-7 id=&#8221;166&#8243; title=&#8221;Ratkaisukauppa&#8221;]<\/p>\n","protected":false},"excerpt":{"rendered":"<p>Ratkaisukauppa Asiakkaamme arvostavat valmennustemme tutkimusperusteista vaikuttavuutta, tulosten seurantaa ja asiakasl\u00e4ht\u00f6ist\u00e4 kehitt\u00e4misotettamme. Ratkaisumme Kaikki Kaikki El\u00e4m\u00e4- ja uraohjaus Esimiesty\u00f6 Huippusuorituksiin omilla ev\u00e4ill\u00e4 Ty\u00f6yhteis\u00f6n pikkurempat Haastavat tilanteet haltuun Avaimet energiaa sy\u00f6vien tilanteiden ratkaisemiseen. Kesto: 1pv. Hinta: 850\u20ac Lukot auki p\u00e4iv\u00e4ss\u00e4 Jumiutuneen tilanteen aukaisu yhdess\u00e4 esimiehen ja tiimin kanssa. Esimiehen ja kahden tiimin j\u00e4senen haastattelut. Tasapuolinen ja kunnioittava&hellip;<\/p>\n","protected":false},"author":1,"featured_media":0,"parent":0,"menu_order":0,"comment_status":"closed","ping_status":"closed","template":"","meta":{"_acf_changed":false,"footnotes":""},"class_list":["post-162","page","type-page","status-publish","hentry"],"acf":[],"_links":{"self":[{"href":"https:\/\/frantsi.com\/index.php\/wp-json\/wp\/v2\/pages\/162","targetHints":{"allow":["GET"]}}],"collection":[{"href":"https:\/\/frantsi.com\/index.php\/wp-json\/wp\/v2\/pages"}],"about":[{"href":"https:\/\/frantsi.com\/index.php\/wp-json\/wp\/v2\/types\/page"}],"author":[{"embeddable":true,"href":"https:\/\/frantsi.com\/index.php\/wp-json\/wp\/v2\/users\/1"}],"replies":[{"embeddable":true,"href":"https:\/\/frantsi.com\/index.php\/wp-json\/wp\/v2\/comments?post=162"}],"version-history":[{"count":11,"href":"https:\/\/frantsi.com\/index.php\/wp-json\/wp\/v2\/pages\/162\/revisions"}],"predecessor-version":[{"id":354,"href":"https:\/\/frantsi.com\/index.php\/wp-json\/wp\/v2\/pages\/162\/revisions\/354"}],"wp:attachment":[{"href":"https:\/\/frantsi.com\/index.php\/wp-json\/wp\/v2\/media?parent=162"}],"curies":[{"name":"wp","href":"https:\/\/api.w.org\/{rel}","templated":true}]}}