{"id":196,"date":"2019-11-21T14:35:46","date_gmt":"2019-11-21T14:35:46","guid":{"rendered":"https:\/\/frantsi.com\/?page_id=196"},"modified":"2019-11-22T02:07:47","modified_gmt":"2019-11-22T02:07:47","slug":"kokemuksia","status":"publish","type":"page","link":"https:\/\/frantsi.com\/index.php\/kokemuksia\/","title":{"rendered":"Kokemuksia"},"content":{"rendered":"\n\t<h1>Kokemuksia<\/h1>\n\t<p>Asiakkaamme arvostavat valmennustemme tutkimusperusteista vaikuttavuutta, tulosten seurantaa ja asiakasl\u00e4ht\u00f6ist\u00e4 kehitt\u00e4misotettamme.<\/p>\n\t<strong>Kirsi Karhu<\/strong><br \/>\nMyyntijohtaja, SOL Palvelut Oy\n<p><img loading=\"lazy\" decoding=\"async\" src=\"https:\/\/frantsi.com\/wp-content\/uploads\/2019\/11\/kokemuksia-konsultitfrantsi-karhu-300x300.png\" alt=\"\" width=\"200\" height=\"200\" \/><\/p>\n<p>&nbsp;<\/p>\n<p>\u201cKoko SOL:in uusmyynti osallistui vuoden kest\u00e4v\u00e4\u00e4n myynnin valmennukseen. Koulutuksen aikana myynti\u00e4 l\u00e4hdettiin l\u00e4hestym\u00e4\u00e4n psyykkisen valmennuksen kautta ja aiheina olivat mm. pystyvyys, rohkeus, sisu ja sinnikkyys. Koulutuksessa korostui erityisesti kouluttajien per\u00e4\u00e4nantamattomuus, jossa oman oivaltamisen kautta haettiin analysointitaitoja omaan tekemiseen ja omien tekemisten seurauksiin sek\u00e4 mik\u00e4 niiden vaikutus on tulevaisuudessa omiin tekemisiin.<\/p>\n<p>Jokainen myyj\u00e4 pystyi keskittym\u00e4\u00e4n itseens\u00e4 avoimessa ilmapiiriss\u00e4, jossa keskusteltiin kipeist\u00e4kin asioista avoimesti ja rohkeasti \u2013 uskallettiin antaa mielipiteit\u00e4. Osakokonaisuuksia ty\u00f6stettiin eri tasoilla, itsen\u00e4isesti ja ryhm\u00e4n kautta \u2013 keskustelujen ja tekemisen kautta. T\u00e4m\u00e4 vaati jokaiselta heitt\u00e4ytymist\u00e4!<\/p>\nKiitos huippu koulutustiimi P\u00e4ivi, Tapani, Jussi ja Satu kasvattavista koulutusp\u00e4ivist\u00e4!<br \/>\nOmasta tiimist\u00e4ni huomaa, ett\u00e4 henkil\u00f6kohtaista kasvua on selke\u00e4sti tapahtunut.\u201d\n<p>&nbsp;<\/p>\n\t<strong>Liena Silen<\/strong><br \/>\nYhteysp\u00e4\u00e4llikk\u00f6, Kouvolan Aikuiskoulutuskeskus\n<p><img loading=\"lazy\" decoding=\"async\" src=\"https:\/\/frantsi.com\/wp-content\/uploads\/2019\/11\/kokemuksia-frantsi-silen.png\" alt=\"\" width=\"200\" height=\"198\" \/><\/p>\n<p>&nbsp;<\/p>\n\u201cOlemme kehitt\u00e4neet yhteisty\u00f6ss\u00e4 Konsultit Frantsin kanssa meill\u00e4 tarjottavan johtamisen erikoisammattitutkinnon. P\u00e4ivi ja Tapani ovat johtamisty\u00f6n ja johtamiskulttuurin todellisia osaajia, jotka osaavat heitt\u00e4yty\u00e4 ja toimia<br \/>\nennakkoluulottomasti. Olemme saaneet heist\u00e4 luotettavan, mutta samalla rennon kumppanin. Suosittelen heit\u00e4 l\u00e4mpim\u00e4sti.\u201d\n<p>&nbsp;<\/p>\n\t<strong>Jenni Kangas<\/strong><br \/>\nKeih\u00e4\u00e4nheitt\u00e4j\u00e4\n<p><img loading=\"lazy\" decoding=\"async\" src=\"https:\/\/frantsi.com\/wp-content\/uploads\/2019\/11\/kokemuksia-konsultointifrantsi-jenni-300x300.png\" alt=\"\" width=\"200\" height=\"200\" \/><\/p>\n<p>&nbsp;<\/p>\n<p>\u201cK\u00e4yn P\u00e4ivin vastaanotolla s\u00e4\u00e4nn\u00f6llisin v\u00e4liajoin. H\u00e4nen kanssaan k\u00e4ymme l\u00e4pi uraani ja etenemist\u00e4ni. T\u00e4rkeimp\u00e4n\u00e4 asiana ovat olleet ne uudet ajatusmallit, joita voin hy\u00f6dynt\u00e4\u00e4 kilpailutilanteissa ja esimerkiksi kilpailutilannej\u00e4nnityksen hallinnassa. K\u00e4ynnit ovat minulle henkireiki\u00e4, ja vaikkei mit\u00e4\u00e4n uutta joka kerta tulisikaan, niin pelkk\u00e4 k\u00e4ynti antaa minulle aina hetkeksi vapaamman mielentilan sek\u00e4 turvallisemman olon.\u201d<\/p>\n<p>&nbsp;<\/p>\n","protected":false},"excerpt":{"rendered":"<p>Kokemuksia Asiakkaamme arvostavat valmennustemme tutkimusperusteista vaikuttavuutta, tulosten seurantaa ja asiakasl\u00e4ht\u00f6ist\u00e4 kehitt\u00e4misotettamme. Kirsi Karhu Myyntijohtaja, SOL Palvelut Oy &nbsp; \u201cKoko SOL:in uusmyynti osallistui vuoden kest\u00e4v\u00e4\u00e4n myynnin valmennukseen. Koulutuksen aikana myynti\u00e4 l\u00e4hdettiin l\u00e4hestym\u00e4\u00e4n psyykkisen valmennuksen kautta ja aiheina olivat mm. pystyvyys, rohkeus, sisu ja sinnikkyys. Koulutuksessa korostui erityisesti kouluttajien per\u00e4\u00e4nantamattomuus, jossa oman oivaltamisen kautta haettiin analysointitaitoja omaan&hellip;<\/p>\n","protected":false},"author":1,"featured_media":95,"parent":0,"menu_order":0,"comment_status":"closed","ping_status":"closed","template":"","meta":{"_acf_changed":false,"footnotes":""},"class_list":["post-196","page","type-page","status-publish","has-post-thumbnail","hentry"],"acf":[],"_links":{"self":[{"href":"https:\/\/frantsi.com\/index.php\/wp-json\/wp\/v2\/pages\/196","targetHints":{"allow":["GET"]}}],"collection":[{"href":"https:\/\/frantsi.com\/index.php\/wp-json\/wp\/v2\/pages"}],"about":[{"href":"https:\/\/frantsi.com\/index.php\/wp-json\/wp\/v2\/types\/page"}],"author":[{"embeddable":true,"href":"https:\/\/frantsi.com\/index.php\/wp-json\/wp\/v2\/users\/1"}],"replies":[{"embeddable":true,"href":"https:\/\/frantsi.com\/index.php\/wp-json\/wp\/v2\/comments?post=196"}],"version-history":[{"count":3,"href":"https:\/\/frantsi.com\/index.php\/wp-json\/wp\/v2\/pages\/196\/revisions"}],"predecessor-version":[{"id":214,"href":"https:\/\/frantsi.com\/index.php\/wp-json\/wp\/v2\/pages\/196\/revisions\/214"}],"wp:featuredmedia":[{"embeddable":true,"href":"https:\/\/frantsi.com\/index.php\/wp-json\/wp\/v2\/media\/95"}],"wp:attachment":[{"href":"https:\/\/frantsi.com\/index.php\/wp-json\/wp\/v2\/media?parent=196"}],"curies":[{"name":"wp","href":"https:\/\/api.w.org\/{rel}","templated":true}]}}